03. Calculate the highest common divisor of 144 and f.
18
Let r(s) = s**3 - 3*s**2 - 14*s + 5. Let m be r(6). Let a be (-5 + 3 + m)/((-3)/(-2)). Calculate the highest common factor of a and 54.
18
Let l(x) = -x**3 + 34*x**2 - 68*x + 138. Let h be l(32). What is the greatest common factor of h and 3490?
10
Let p(v) = 49*v**2 - 13*v - 154. Let n be p(-6). Calculate the greatest common divisor of 16 and n.
8
Let u = 16461 + -16433. What is the greatest common factor of u and 2023?
7
Let v = 373 - 366. Let y = 26 + -5. Let h be y*(5 + -2) - 0. What is the greatest common factor of v and h?
7
Let r be 624/(-10) - (-18)/45. Let p be 28/42 - r/6. Let f = -2 - -3. What is the highest common factor of f and p?
1
Let u = -703 + 1480. Let d = u - 483. Calculate the highest common factor of d and 21.
21
Suppose -125*x + 98280 = -85*x. What is the highest common divisor of x and 364?
91
Let f(m) = -4*m**3 + m**2 - 13*m - 42. Let r be f(-2). Calculate the greatest common factor of r and 68.
4
Suppose 5*f + 2*b = 35, 414*f + 3*b - 30 = 411*f. What is the greatest common factor of f and 9445?
5
Let q be 0 + 5 + (-215)/(-5)*1. Calculate the greatest common divisor of 243 and q.
3
Let v = 4556 + -4457. Calculate the greatest common divisor of v and 6633.
99
Suppose -3*h = -5*x - 0*x + 445, -3*h - 261 = -3*x. Let c(j) = 3*j**2 - 57*j + 167. Let n be c(16). Calculate the highest common factor of x and n.
23
Let d(i) = i**2 + 2*i + 13. Suppose -7*l + 5*l = -30. Suppose 5*q - 5*r = l, r - 13 = -3*q + 4. Let m be d(q). Calculate the highest common factor of m and 6.
6
Suppose 5*o + 5*v - 51 = 74, -5*v = 25. Suppose i = 2*m + 11, 0*i + 6 = -m + i. Let s be ((-6)/8)/(m/20). What is the greatest common divisor of s and o?
3
Let o = 9429 - 9194. Calculate the greatest common divisor of 4465 and o.
235
Let g be 9/((-297)/(-80014)) + 10/30. Calculate the greatest common divisor of 1261 and g.
97
Let j = 15117 - 14733. Calculate the greatest common factor of j and 174.
6
Suppose -10*i = 3*i + 5*i - 5742. What is the highest common divisor of 783 and i?
29
Let k = 3 + -13. Let m be 8/k*(-20)/8. Suppose -4*p + 30 = m*p. Calculate the highest common factor of 5 and p.
5
Suppose 5*k = l + 87, -3*l - 51 + 6 = -3*k. Let w be (2/3 + -1)/(2/k). Let h be (-2)/6 + 244/w*-1. Calculate the highest common divisor of 27 and h.
27
Let c be 333/(-6)*4/(-6). Suppose c - 173 = -4*w. Suppose -629*f + 1352*f = 611*f + 224. What is the highest common divisor of f and w?
2
Let u be (0 + -4)*(-3 - (-198)/(-24)). Let q be 230*6*2/u*6. Calculate the highest common divisor of q and 23.
23
Let k(b) = -95*b - 1370. Let d be k(-15). What is the highest common factor of 135 and d?
5
Let g be (2 + 228/(-9))*-24. Suppose 0 = 4*n - 2*t - 144, -23*n - 113 = -26*n + 4*t. What is the highest common divisor of n and g?
35
Let h = -82 - -8. Let u = h - -236. Calculate the highest common factor of 18 and u.
18
Suppose 0*g - 5*a = 3*g + 178, -g - 64 = -3*a. Let r = g - -63. Suppose -2*d + r*y = -26, 4*y - 17 = -2*d + 33. What is the highest common divisor of 170 and d?
17
Suppose -3*k = 5*x - 26, -2*x - 2*k - 2*k = -16. Suppose 2*z = 17*l - 12*l + 40, -x*l = 2*z - 40. Calculate the greatest common divisor of z and 4.
4
Suppose 0 = -3*n - 3*z - 345 - 3795, 5*n + 6891 = -2*z. Let y be (-62)/(-10) + -6 - n/15. Calculate the highest common divisor of 161 and y.
23
Let a = 7959 - 7899. Calculate the highest common divisor of 29160 and a.
60
Let p = 69 - 40. Suppose 17*w = p*w - 648. Let z = -15 + 87. Calculate the highest common divisor of w and z.
18
Let b = 51 - 53. Let n be 4 - ((-2)/b + 0). Let u be (105/(-10) + 0)/(n/(-4)). Calculate the greatest common factor of 2 and u.
2
Suppose 2*r + 2*s = 196, -6*r - 455 = -11*r + 2*s. Let a = r + -99. Let o = 31 + a. What is the highest common factor of o and 10?
5
Let o(j) = 121*j + 273. Let s be o(-2). Suppose 56 = z - 3*n, -5*z + 2*n + 0*n = -319. Let q = -34 + z. Calculate the highest common divisor of q and s.
31
Suppose o + 2*o + 126 = 2*v, 0 = -o + 2. Let x be (8/(-10))/(30/(-12375)). What is the highest common factor of v and x?
66
Let f = -41953 + 41958. Let u(r) = -2*r - 9. Let k be u(-6). Let o(x) = 11*x + 2. Let q be o(k). Calculate the highest common factor of q and f.
5
Suppose -1 = -4*n - 9, 0 = 5*b - 4*n - 668. Let k(a) = b - 5*a - 15*a - 99. Let x be k(-11). Calculate the greatest common factor of x and 23.
23
Let w = 119 + -11. Let v = -8328 - -8332. What is the highest common divisor of w and v?
4
Let b(r) = 65*r - 3. Let j be b(3). Suppose -91 = -16*d - d + 11. Calculate the highest common divisor of j and d.
6
Let h = -5441 + 6554. What is the greatest common divisor of 21 and h?
21
Let o(t) = -344*t - 7600. Let a be o(-26). What is the highest common divisor of a and 231?
21
Let h = 112 - 108. Suppose -h*g + 143 = -193. Suppose -4*w = -2*x + 38 + 4, 0 = 2*x - 5*w - 42. What is the highest common divisor of g and x?
21
Suppose 56060 - 17023 + 195323 = 72*h. What is the highest common divisor of h and 189?
21
Let w(c) = -c**3 - 29*c**2 + 7*c + 1008. Let n be w(-28). Calculate the highest common divisor of 16184 and n.
28
Let o(n) be the second derivative of 10*n**4/3 + 48*n. Let h be o(2). What is the highest common factor of h and 10?
10
Let y = -444 + 657. Let g = y + -107. Let d be 5*(-7)/(-210) + g/12. Calculate the highest common factor of d and 1.
1
Let c(q) = 2*q**2 - 30*q + 7. Let y be c(18). Suppose 3*r - 5*s = y, 2*s = 3*r - s - 105. What is the highest common divisor of r and 24?
6
Let p be 222/(-8) + ((-135)/(-20))/9. Let b = -24 - p. Suppose -d - 3*d = b*y - 717, 0 = -4*d + 2*y + 722. Calculate the highest common divisor of d and 36.
36
Let m be ((1 - 2) + 0)*(14 - 42). What is the highest common factor of m and 756?
28
Let z = -1292 + 1334. Calculate the greatest common divisor of 486 and z.
6
Suppose 0 = -2*b - 2*b + 12. Suppose -b*q = -3*s - 69, 5*s - 18 - 19 = -3*q. Let d = 251 + -99. Calculate the greatest common factor of d and q.
19
Let n(p) = 2*p**3 + 11*p**2 - 8*p + 5. Suppose 13*w + 49 = -29. Let j be n(w). Let y = -19 - -53. What is the greatest common factor of j and y?
17
Suppose -8*f - 49*f + 9180 = -6*f. Calculate the greatest common factor of f and 1089.
9
Let z = 34 - 37. Let t be z/(-5) + 8/20. Let i be (-9 - -10) + t*39. What is the highest common factor of i and 16?
8
Let u = 146 - 143. Let i = 233 + -137. Let n be (10/(-8))/((-8)/i). What is the highest common divisor of n and u?
3
Let q(j) = 2*j**2 + 9*j - 7. Let s be q(-5). Let k be s/4 + (-4)/(-8). Suppose 9*p = -k + 36. What is the greatest common divisor of p and 2?
2
Suppose 39*p = 38*p + 41. Let c = p + 55. Let b = c - -58. What is the highest common factor of b and 14?
14
Let y be (-16)/(-12)*3/2*24. Suppose -19*q + 18*q - y = 0. Let f be -1*q/5 + 30/75. What is the greatest common divisor of 15 and f?
5
Suppose -11128 = -6*r - 4324. Suppose 0 = 12*x + 690 - r. Let j be (-6)/27 + (-2666)/(-9). What is the greatest common factor of x and j?
37
Suppose -3*d = -447 + 459, -s + 4*d = -268. Let o = -32 - -59. What is the greatest common factor of o and s?
9
Let l = -26872 + 34680. What is the greatest common factor of 1220 and l?
244
Suppose -5*h + 3*p + 54 = 0, -4*h - 2*p = h - 39. Let t(a) = -21*a - 65. Let g be t(-5). Let x = -34 + g. Calculate the greatest common divisor of h and x.
3
Let y(l) = -35*l. Let g be y(-1). Let q = 39000 - 38993. What is the greatest common factor of g and q?
7
Suppose 0 = -5*m + 2*m. Suppose -36*c + 48*c - 1476 = m. Calculate the highest common divisor of c and 164.
41
Suppose 2355 = -420*r + 8950 + 8105. What is the highest common divisor of 55 and r?
5
Suppose -97 - 91 = 4*i. Suppose 2*r - c + 112 = 2*c, 49 = -r + 5*c. Let o = i - r. Calculate the highest common divisor of o and 108.
12
Let k be 5255/(-65) + (-8)/52. Let o = k - -90. Calculate the highest common divisor of o and 33.
3
Let c be (-117)/(-21) - 6 - 51/(-21). Suppose 2*m + 10 = -0, -5*z + 130 = -c*m. Calculate the greatest common factor of 18 and z.
6
Let h = 5077 - 5063. What is the highest common factor of h and 714?
14
Let s(l) = l**2 + 23*l + 160. Let g be s(-5). Calculate the greatest common divisor of g and 1190.
70
Let l be ((-2)/(16/(-58)))/((-2566)/(-41056